ose -3*k = 9*k - 60. Suppose k*u + 855 = 3*i, -2*u = -5*i + 1099 + 307. What is the tens digit of i?
8
Let m be 1598*(4 + 27/(-6)). Let a be 3/15 - m/5. What is the tens digit of (-33)/2*(a/12)/(-4)?
5
Suppose -6*t + 220 = -566. Suppose -t = -4*y + 25. What is the tens digit of y?
3
Suppose 76*n - 1120396 = 4404. What is the tens digit of n?
0
Suppose -4*r - 2 = 4*y - 38, 0 = -2*r - 6. Let z(j) = 13 - 2 + 3*j + 0*j. What is the units digit of z(y)?
7
Let z(k) = k**3 - 98*k**2 + 118*k - 204. What is the hundreds digit of z(97)?
8
Suppose -39 = -4*i + 1. Suppose -i*w = -11*w + 464. What is the units digit of 4/26 - -1*w/26?
8
Let w = -4824 - -26268. What is the thousands digit of w?
1
Let t be 55919/3 + 4/(-6). Suppose 35*y - 16*y - t = 0. What is the tens digit of y?
8
Suppose 0 = g - 5, 0 = -2*k + 3*g - 7 - 8. Suppose k = -7*o + 40 - 5. Suppose -2*c - 3*m = -161, o*c - m = 296 + 149. What is the tens digit of c?
8
Let s(u) = -36*u + 139. Let m be s(-10). Let v = -270 + m. What is the tens digit of v?
2
Suppose 1051130 = 34*g + 314588 - 256870. What is the units digit of g?
8
Let h = 69 - 76. Let k(c) = c**3 + 14*c**2 + 21*c + 5. What is the units digit of k(h)?
1
Suppose i - 4*m - 6 - 1 = 0, 0 = -4*i - m + 28. Suppose 3*t + 2*x - 16 = -0*x, t - x = i. Let h(q) = q**2 - 3*q + 14. What is the units digit of h(t)?
2
Let u(s) = -s**3 - 2*s**2 + 6*s + 17. Let w be u(-2). Suppose -2*n - 992 = k - 3*k, -3*k = w*n - 1448. What is the units digit of k?
1
Let m(y) = 16*y - 20. Suppose -3*u - 2*c = -0*c - 2, -5*c = -4*u + 18. Suppose r - 22 = -2*h + 2*r, -u = 2*h + 5*r. What is the tens digit of m(h)?
2
Let w(s) = -s - 4. Let q be (-4)/(-4) - -1 - (7 - -2). Let u be w(q). What is the units digit of (u + (-1)/1)*(-10)/(-4)?
5
Let n = 3895 - -79. What is the thousands digit of n?
3
Let y = -14218 + 35159. What is the tens digit of y?
4
Suppose -2*j + 4*t - 108 + 18 = 0, 11*t = -3*j - 84. Suppose 0 = y + 8 + 127. Let s = j - y. What is the tens digit of s?
9
Suppose c + 135 - 581 = 0. Suppose 0 = 5*r + g - c, -2*r - 4*g = -0*g - 164. What is the units digit of ((-32)/3)/((-20)/r)?
8
Let p(o) be the first derivative of o**4/4 - 16*o**3/3 - 11*o**2/2 + 4*o + 244. Suppose 0*y - 3*y = -51. What is the units digit of p(y)?
6
Suppose 26*d - 23*d - 17*d + 39382 = 0. What is the hundreds digit of d?
8
Suppose 5*j - 19*j = 4088. Let s = 439 + j. What is the units digit of s?
7
What is the tens digit of 20210 - (-4 + 9 - (-11)/(77/(-35)))?
1
Suppose -4796 = -4*y + 4*r, -1103 - 3677 = -4*y - 4*r. Suppose -2*d + 27 + 11 = -2*l, -4*l = -8. Suppose -12*k + y = d. What is the tens digit of k?
9
Suppose -7*y + 2 = -5*y. Let p(v) = 10*v + 1. Let m be p(y). Suppose m*d = 18 + 378. What is the units digit of d?
6
Let b = 236 - -26278. What is the hundreds digit of b?
5
Let x(v) = 119*v - 6. Let f(c) = 355*c - 17. Let j(d) = 6*f(d) - 17*x(d). Let s be j(2). Let k = 381 - s. What is the hundreds digit of k?
1
Let w = 434 - 98. What is the tens digit of w?
3
Let g = 585 + -538. Suppose 0 = -g*c + 42*c + 1385. What is the units digit of c?
7
Let k = -3216 - -2117. Let x = -387 - k. What is the tens digit of x?
1
Suppose 5*w - v = -3*v + 12, 2*w + v - 5 = 0. Let m be (-23 + 24)/(w/940). Suppose m = -0*c + 2*c + 3*o, 3*o + 690 = 3*c. What is the units digit of c?
2
Let y(t) = -21*t + 68. Let m be y(3). Suppose 2*h - 551 - 591 = -4*d, -1428 = -m*d - 3*h. What is the tens digit of d?
8
Let r(c) = 4*c**2 - 83*c + 153. What is the units digit of r(25)?
8
Suppose -159*s + 2732307 = 928452. What is the hundreds digit of s?
3
Suppose -3*t = c - 43, -3*t + 7*c = 5*c - 31. Let j(v) = 2*v + 208. What is the hundreds digit of j(t)?
2
Let r = 176413 + -124524. What is the units digit of r?
9
Suppose 2*x - 101180 = -12*r + 1186, -5*r = 3*x - 42659. What is the thousands digit of r?
8
Suppose 14 = 2*m - 6. Let p be ((-8)/m)/((-9)/(-225)). What is the tens digit of (184/6)/(-1 + p/(-12))?
4
Let v be (55 - 50) + -1 + 1628. Let w = v + -129. What is the hundreds digit of w?
5
Let c = 212 - 68. Suppose -4*w + c = -10*w. What is the tens digit of 2 + (-3678)/w + (-2)/8?
5
Let u = -34598 + 57342. What is the ten thousands digit of u?
2
Let c(l) = 112*l + 2 - 111*l - 9. Let n be c(9). Suppose 76 = p + s, -n*s + 152 + 78 = 3*p. What is the units digit of p?
8
Suppose 44 = 3*p + 5*v, 0 = 3*p - 5*v - 16 - 18. Suppose -p*n = -8*n + 920. Let x = -80 - n. What is the tens digit of x?
0
Let z(d) = 10*d**2 - 4*d + 1. Let x be z(1). Let v = x + -15. What is the units digit of (-365)/(-20) + -2 + 2/v?
6
Let b(t) = -3*t + 18. Let d be b(6). Suppose d = 6*m - m + 5*p - 15, 4*p = 4*m - 12. Suppose -m*f - 99 + 357 = 0. What is the units digit of f?
6
Let v be (15295/20)/7 + (-2)/8. Suppose 0 = -n + 49 + v. Suppose 3*z + n = 767. What is the units digit of z?
3
Suppose 10*q - d - 112209 = 5*q, 0 = -4*q + 3*d + 89754. What is the units digit of q?
3
Let x = -106 + 103. What is the units digit of 967/x*(-63 - -60)?
7
Let d(o) be the first derivative of -4*o**2 + 5*o + 1. Let h = -57 - -48. What is the units digit of d(h)?
7
Suppose 0 = -a, -188*n - 31416 = -191*n - a. What is the units digit of n?
2
Let r(w) = w**2 - 9*w - 18. Let t be r(11). Suppose -t*s = -8*s + 24. Suppose 2*g - s*g = -164. What is the tens digit of g?
4
What is the units digit of 1 - -2 - (24 + (-8860 - 9))?
8
Let x(p) = 3264*p + 3426. What is the thousands digit of x(12)?
2
Let p(u) = 45*u**2 + 26*u + 46. Let c be p(-6). Suppose -2*s - 14*m + 16*m = -c, 3802 = 5*s + 4*m. What is the tens digit of s?
5
Suppose -2*o + 2*t = -1568, -5*o = 5*t - 984 - 2896. What is the tens digit of 4/26 + 102060/o?
3
Suppose -4*v - 216 = -10*v. Let g be 22/18 - v/162. Suppose -17 = -6*a + g. What is the units digit of a?
3
Let d(o) = 398*o**2 + 297*o + 7. What is the hundreds digit of d(-5)?
4
Let p = 25432 - 14732. What is the thousands digit of p?
0
Let b = 379 + -119. Suppose -256*s - 1492 = -b*s. What is the units digit of s?
3
Let t(g) = 7035*g - 1. Let r(m) = -28141*m + 5. Let v(f) = -2*r(f) - 9*t(f). Let y be v(2). What is the hundreds digit of (-6)/16 - y/72?
1
What is the units digit of (23 + -20)/(-6 + (-716661)/(-119439))?
1
Let d = 345 + -343. Suppose 2*b + d*i - 7*i - 3049 = 0, 2*b - 4*i = 3052. What is the units digit of b?
2
Suppose 2*d + 307 = m + 4*d, -d + 1562 = 5*m. Let q = m + 549. What is the hundreds digit of q?
8
Let s be (-268)/(-52) - ((-2)/13)/(-1). Suppose 2*j + 73 = -s*r + 713, -j + 326 = r. What is the hundreds digit of j?
3
Let x = 10192 + -7163. What is the tens digit of x?
2
Let y = -23423 + 34870. What is the hundreds digit of y?
4
What is the thousands digit of ((-725900)/(-8330))/(-2 - (-2 - 2/28))?
1
Let g(h) = 18 - 7*h - 47*h + 7*h + 3*h**2 + 81 - h**2. What is the hundreds digit of g(43)?
7
Suppose 10*d - 77286 + 3326 = 0. What is the tens digit of d?
9
Let n = 22434 + -11053. What is the hundreds digit of n?
3
Let l(j) = -620*j**3 - 12*j**2 - 46*j - 60. What is the tens digit of l(-3)?
1
Let c(f) = 460*f - 221. What is the hundreds digit of c(112)?
2
Let t = 23 - 18. Let v(g) = t + 8*g - 10*g + 13*g. What is the units digit of v(12)?
7
Let n = -212 + 302. Let i = 265 + n. What is the hundreds digit of i?
3
Suppose -4*r + 66242 = 4*r + 3*r. What is the thousands digit of r?
6
Let w(y) = 2*y**3 + 260*y**2 + 463*y + 319. What is the units digit of w(-128)?
1
Suppose -k + 4 = -0. Let r be (-7)/(-3) + (k/(-12) - 0). Suppose 0 = -r*s + 2*u + 214, 4*u - 2*u - 331 = -3*s. What is the hundreds digit of s?
1
Suppose 0 = -5*i - 4*k + 974, -i = -5*k - 5 - 184. What is the units digit of i?
4
Suppose 0 = 32*h - 29*h. Suppose 2*o + 0*o - 2 = h. Suppose -3*t - 4*x = -17 + 4, 0 = -t + 4*x - o. What is the units digit of t?
3
Let h be (-1284)/(-21) + 8/(-8*7). Suppose 90*x - 29058 = h*x. What is the tens digit of x?
0
Suppose 4*o + s = 967, -2*s = -3*o + 85 + 654. Let x = o + 529. What is the hundreds digit of x?
7
Let v be (-21)/(-8) + (-21)/(-56) + -1. Let f be 2/(-3) - 754/(-6). Suppose n + f = v*n. What is the units digit of n?
5
Let j(p) = 73*p**3 + 23*p + 22. What is the hundreds digit of j(5)?
2
Let u(l) = 3*l**3 - 101*l**2 + 48*l - 26. What is the units digit of u(35)?
4
Suppose 52*g - 260750 = -18*g. What is the units digit of g?
5